{"id":24,"date":"2023-06-12T11:12:16","date_gmt":"2023-06-12T17:12:16","guid":{"rendered":"https:\/\/comprovet.com.mx\/2023\/?page_id=24"},"modified":"2023-06-13T10:22:59","modified_gmt":"2023-06-13T16:22:59","slug":"quienes-somos","status":"publish","type":"page","link":"https:\/\/comprovet.com.mx\/2023\/quienes-somos\/","title":{"rendered":"\u00bfQuienes Somos?"},"content":{"rendered":"\t\t<div data-elementor-type=\"wp-page\" data-elementor-id=\"24\" class=\"elementor elementor-24\" data-elementor-post-type=\"page\">\n\t\t\t\t\t\t<section class=\"elementor-section elementor-top-section elementor-element elementor-element-0d13016 elementor-section-full_width elementor-section-height-default elementor-section-height-default\" data-id=\"0d13016\" data-element_type=\"section\">\n\t\t\t\t\t\t<div class=\"elementor-container elementor-column-gap-default\">\n\t\t\t\t\t<div class=\"elementor-column elementor-col-50 elementor-top-column elementor-element elementor-element-369b8c7\" data-id=\"369b8c7\" data-element_type=\"column\">\n\t\t\t<div class=\"elementor-widget-wrap elementor-element-populated\">\n\t\t\t\t\t\t<div class=\"elementor-element elementor-element-4eca042 elementor-widget elementor-widget-heading\" data-id=\"4eca042\" data-element_type=\"widget\" data-widget_type=\"heading.default\">\n\t\t\t\t<div class=\"elementor-widget-container\">\n\t\t\t\t\t<h6 class=\"elementor-heading-title elementor-size-default\">Misi\u00f3n<\/h6>\t\t\t\t<\/div>\n\t\t\t\t<\/div>\n\t\t\t\t<div class=\"elementor-element elementor-element-bb156f8 elementor-widget elementor-widget-text-editor\" data-id=\"bb156f8\" data-element_type=\"widget\" data-widget_type=\"text-editor.default\">\n\t\t\t\t<div class=\"elementor-widget-container\">\n\t\t\t\t\t\t\t\t\t<p style=\"text-align: Justify;\">Es satisfacer las necesidades de usted que se dedica a la crianza, protecci\u00f3n y manejo de aves de combate, conejo,codorniz, palomas, pollos, gallinas, mascotas y chinchillas.\u00a0<span id=\"more-668\"><\/span>Que a trav\u00e9s de nuestros accesorios y jaulas abatibles y de muy f\u00e1cil manejo, le garantizamos una excelente calidad y favorecidos con nuestros distribuidores a nivel nacional, estamos mas cerca de usted, mas r\u00e1pido y con mayor econom\u00eda.<\/p>\t\t\t\t\t\t\t\t<\/div>\n\t\t\t\t<\/div>\n\t\t\t\t<div class=\"elementor-element elementor-element-b449af5 elementor-widget elementor-widget-heading\" data-id=\"b449af5\" data-element_type=\"widget\" data-widget_type=\"heading.default\">\n\t\t\t\t<div class=\"elementor-widget-container\">\n\t\t\t\t\t<h6 class=\"elementor-heading-title elementor-size-default\">Visi\u00f3n<\/h6>\t\t\t\t<\/div>\n\t\t\t\t<\/div>\n\t\t\t\t<div class=\"elementor-element elementor-element-491b56c elementor-widget elementor-widget-text-editor\" data-id=\"491b56c\" data-element_type=\"widget\" data-widget_type=\"text-editor.default\">\n\t\t\t\t<div class=\"elementor-widget-container\">\n\t\t\t\t\t\t\t\t\t<p style=\"text-align: Justify;\">Es contar con el personal altamente capacitado, confiable y con un alto valor humano, comprometidos para cubrir las necesidades tanto del personal como de los clientes y proveedores, y poder lograr un liderazgo en el mercado nacional e internacional, buscando siempre un beneficio com\u00fan, contando con la mejor tecnolog\u00eda para lograr una alta calidad de sus productos, desarroll\u00e1ndose en un espacio y ambiente adecuado, para una mejor convivencia entre sus integrantes y un constante cambio para lograr mejores beneficios.<\/p>\t\t\t\t\t\t\t\t<\/div>\n\t\t\t\t<\/div>\n\t\t\t\t<div class=\"elementor-element elementor-element-7491326 elementor-widget elementor-widget-heading\" data-id=\"7491326\" data-element_type=\"widget\" data-widget_type=\"heading.default\">\n\t\t\t\t<div class=\"elementor-widget-container\">\n\t\t\t\t\t<h6 class=\"elementor-heading-title elementor-size-default\">ORGULLO DE COMPROVET<\/h6>\t\t\t\t<\/div>\n\t\t\t\t<\/div>\n\t\t\t\t<div class=\"elementor-element elementor-element-9e271de elementor-widget elementor-widget-text-editor\" data-id=\"9e271de\" data-element_type=\"widget\" data-widget_type=\"text-editor.default\">\n\t\t\t\t<div class=\"elementor-widget-container\">\n\t\t\t\t\t\t\t\t\t<p style=\"text-align: Justify;\">Uno de los orgullos de Comprovet es de ser una de las empresas mexicanas al 100%, tiene la oportunidad actualmente de contar 85 empleos directos que entre sus filas la mayor\u00eda son mujeres, jovencitas (os), mam\u00e1s y pap\u00e1s. Hasta abuelos y con personal DISCAPACITADO. Generando as\u00ed otro tanto de empleos indirectos en proveedores, prestadores de servicios, distribuidores y clientes. EN RESUMEN 170 FAMILIAS QUE COMEN, VISTEN Y GOZAN DE LAS BONDADES DE ESTA EMPRESA.<\/p>\t\t\t\t\t\t\t\t<\/div>\n\t\t\t\t<\/div>\n\t\t\t\t\t<\/div>\n\t\t<\/div>\n\t\t\t\t<div class=\"elementor-column elementor-col-50 elementor-top-column elementor-element elementor-element-86a69fd\" data-id=\"86a69fd\" data-element_type=\"column\">\n\t\t\t<div class=\"elementor-widget-wrap elementor-element-populated\">\n\t\t\t\t\t\t<div class=\"elementor-element elementor-element-9a19da3 elementor-widget elementor-widget-image\" data-id=\"9a19da3\" data-element_type=\"widget\" data-widget_type=\"image.default\">\n\t\t\t\t<div class=\"elementor-widget-container\">\n\t\t\t\t\t\t\t\t\t\t\t\t\t\t\t<img fetchpriority=\"high\" decoding=\"async\" width=\"539\" height=\"307\" src=\"https:\/\/comprovet.com.mx\/2023\/wp-content\/uploads\/2023\/06\/1-QUIEN-ES-COMPROVET_Page_07_Image_00261.jpg\" class=\"attachment-large size-large wp-image-140\" alt=\"\" srcset=\"https:\/\/comprovet.com.mx\/2023\/wp-content\/uploads\/2023\/06\/1-QUIEN-ES-COMPROVET_Page_07_Image_00261.jpg 539w, https:\/\/comprovet.com.mx\/2023\/wp-content\/uploads\/2023\/06\/1-QUIEN-ES-COMPROVET_Page_07_Image_00261-300x171.jpg 300w\" sizes=\"(max-width: 539px) 100vw, 539px\" \/>\t\t\t\t\t\t\t\t\t\t\t\t\t\t\t<\/div>\n\t\t\t\t<\/div>\n\t\t\t\t<div class=\"elementor-element elementor-element-b8f8087 elementor-widget-divider--view-line elementor-widget elementor-widget-divider\" data-id=\"b8f8087\" data-element_type=\"widget\" data-widget_type=\"divider.default\">\n\t\t\t\t<div class=\"elementor-widget-container\">\n\t\t\t\t\t\t\t<div class=\"elementor-divider\">\n\t\t\t<span class=\"elementor-divider-separator\">\n\t\t\t\t\t\t<\/span>\n\t\t<\/div>\n\t\t\t\t\t\t<\/div>\n\t\t\t\t<\/div>\n\t\t\t\t<div class=\"elementor-element elementor-element-6c681dc elementor-widget elementor-widget-image\" data-id=\"6c681dc\" data-element_type=\"widget\" data-widget_type=\"image.default\">\n\t\t\t\t<div class=\"elementor-widget-container\">\n\t\t\t\t\t\t\t\t\t\t\t\t\t\t\t<img decoding=\"async\" width=\"539\" height=\"307\" src=\"https:\/\/comprovet.com.mx\/2023\/wp-content\/uploads\/2023\/06\/quienes-somos.jpg\" class=\"attachment-large size-large wp-image-141\" alt=\"\" srcset=\"https:\/\/comprovet.com.mx\/2023\/wp-content\/uploads\/2023\/06\/quienes-somos.jpg 539w, https:\/\/comprovet.com.mx\/2023\/wp-content\/uploads\/2023\/06\/quienes-somos-300x171.jpg 300w\" sizes=\"(max-width: 539px) 100vw, 539px\" \/>\t\t\t\t\t\t\t\t\t\t\t\t\t\t\t<\/div>\n\t\t\t\t<\/div>\n\t\t\t\t<div class=\"elementor-element elementor-element-1ba01da elementor-widget-divider--view-line elementor-widget elementor-widget-divider\" data-id=\"1ba01da\" data-element_type=\"widget\" data-widget_type=\"divider.default\">\n\t\t\t\t<div class=\"elementor-widget-container\">\n\t\t\t\t\t\t\t<div class=\"elementor-divider\">\n\t\t\t<span class=\"elementor-divider-separator\">\n\t\t\t\t\t\t<\/span>\n\t\t<\/div>\n\t\t\t\t\t\t<\/div>\n\t\t\t\t<\/div>\n\t\t\t\t<div class=\"elementor-element elementor-element-bd9bcd1 elementor-widget elementor-widget-image\" data-id=\"bd9bcd1\" data-element_type=\"widget\" data-widget_type=\"image.default\">\n\t\t\t\t<div class=\"elementor-widget-container\">\n\t\t\t\t\t\t\t\t\t\t\t\t\t\t\t<img decoding=\"async\" width=\"583\" height=\"441\" src=\"https:\/\/comprovet.com.mx\/2023\/wp-content\/uploads\/2023\/06\/mapa-comprovet.jpg\" class=\"attachment-large size-large wp-image-142\" alt=\"\" srcset=\"https:\/\/comprovet.com.mx\/2023\/wp-content\/uploads\/2023\/06\/mapa-comprovet.jpg 583w, https:\/\/comprovet.com.mx\/2023\/wp-content\/uploads\/2023\/06\/mapa-comprovet-300x227.jpg 300w\" sizes=\"(max-width: 583px) 100vw, 583px\" \/>\t\t\t\t\t\t\t\t\t\t\t\t\t\t\t<\/div>\n\t\t\t\t<\/div>\n\t\t\t\t\t<\/div>\n\t\t<\/div>\n\t\t\t\t\t<\/div>\n\t\t<\/section>\n\t\t\t\t<\/div>\n\t\t","protected":false},"excerpt":{"rendered":"<p>Misi\u00f3n Es satisfacer las necesidades de usted que se dedica a la crianza, protecci\u00f3n y manejo de aves de combate, conejo,codorniz, palomas, pollos, gallinas, mascotas y chinchillas.\u00a0Que a trav\u00e9s de nuestros accesorios y jaulas abatibles y de muy f\u00e1cil manejo, le garantizamos una excelente calidad y favorecidos con nuestros distribuidores a nivel nacional, estamos mas [&hellip;]<\/p>\n","protected":false},"author":1,"featured_media":0,"parent":0,"menu_order":0,"comment_status":"closed","ping_status":"closed","template":"","meta":{"site-sidebar-layout":"no-sidebar","site-content-layout":"page-builder","ast-site-content-layout":"default","site-content-style":"default","site-sidebar-style":"default","ast-global-header-display":"","ast-banner-title-visibility":"","ast-main-header-display":"","ast-hfb-above-header-display":"","ast-hfb-below-header-display":"","ast-hfb-mobile-header-display":"","site-post-title":"disabled","ast-breadcrumbs-content":"","ast-featured-img":"disabled","footer-sml-layout":"","ast-disable-related-posts":"","theme-transparent-header-meta":"default","adv-header-id-meta":"","stick-header-meta":"","header-above-stick-meta":"","header-main-stick-meta":"","header-below-stick-meta":"","astra-migrate-meta-layouts":"default","ast-page-background-enabled":"default","ast-page-background-meta":{"desktop":{"background-color":"var(--ast-global-color-4)","background-image":"","background-repeat":"repeat","background-position":"center center","background-size":"auto","background-attachment":"scroll","background-type":"","background-media":"","overlay-type":"","overlay-color":"","overlay-opacity":"","overlay-gradient":""},"tablet":{"background-color":"","background-image":"","background-repeat":"repeat","background-position":"center center","background-size":"auto","background-attachment":"scroll","background-type":"","background-media":"","overlay-type":"","overlay-color":"","overlay-opacity":"","overlay-gradient":""},"mobile":{"background-color":"","background-image":"","background-repeat":"repeat","background-position":"center center","background-size":"auto","background-attachment":"scroll","background-type":"","background-media":"","overlay-type":"","overlay-color":"","overlay-opacity":"","overlay-gradient":""}},"ast-content-background-meta":{"desktop":{"background-color":"var(--ast-global-color-5)","background-image":"","background-repeat":"repeat","background-position":"center center","background-size":"auto","background-attachment":"scroll","background-type":"","background-media":"","overlay-type":"","overlay-color":"","overlay-opacity":"","overlay-gradient":""},"tablet":{"background-color":"var(--ast-global-color-5)","background-image":"","background-repeat":"repeat","background-position":"center center","background-size":"auto","background-attachment":"scroll","background-type":"","background-media":"","overlay-type":"","overlay-color":"","overlay-opacity":"","overlay-gradient":""},"mobile":{"background-color":"var(--ast-global-color-5)","background-image":"","background-repeat":"repeat","background-position":"center center","background-size":"auto","background-attachment":"scroll","background-type":"","background-media":"","overlay-type":"","overlay-color":"","overlay-opacity":"","overlay-gradient":""}},"footnotes":""},"class_list":["post-24","page","type-page","status-publish","hentry"],"yoast_head":"<!-- This site is optimized with the Yoast SEO plugin v26.8 - https:\/\/yoast.com\/product\/yoast-seo-wordpress\/ -->\n<title>\u00bfQuienes Somos? - Comprovet<\/title>\n<meta name=\"robots\" content=\"index, follow, max-snippet:-1, max-image-preview:large, max-video-preview:-1\" \/>\n<link rel=\"canonical\" href=\"https:\/\/comprovet.com.mx\/2023\/quienes-somos\/\" \/>\n<meta property=\"og:locale\" content=\"es_ES\" \/>\n<meta property=\"og:type\" content=\"article\" \/>\n<meta property=\"og:title\" content=\"\u00bfQuienes Somos? - Comprovet\" \/>\n<meta property=\"og:description\" content=\"Misi\u00f3n Es satisfacer las necesidades de usted que se dedica a la crianza, protecci\u00f3n y manejo de aves de combate, conejo,codorniz, palomas, pollos, gallinas, mascotas y chinchillas.\u00a0Que a trav\u00e9s de nuestros accesorios y jaulas abatibles y de muy f\u00e1cil manejo, le garantizamos una excelente calidad y favorecidos con nuestros distribuidores a nivel nacional, estamos mas [&hellip;]\" \/>\n<meta property=\"og:url\" content=\"https:\/\/comprovet.com.mx\/2023\/quienes-somos\/\" \/>\n<meta property=\"og:site_name\" content=\"Comprovet\" \/>\n<meta property=\"article:modified_time\" content=\"2023-06-13T16:22:59+00:00\" \/>\n<meta property=\"og:image\" content=\"https:\/\/comprovet.com.mx\/2023\/wp-content\/uploads\/2023\/06\/1-QUIEN-ES-COMPROVET_Page_07_Image_00261.jpg\" \/>\n<meta name=\"twitter:card\" content=\"summary_large_image\" \/>\n<meta name=\"twitter:label1\" content=\"Tiempo de lectura\" \/>\n\t<meta name=\"twitter:data1\" content=\"2 minutos\" \/>\n<script type=\"application\/ld+json\" class=\"yoast-schema-graph\">{\"@context\":\"https:\/\/schema.org\",\"@graph\":[{\"@type\":\"WebPage\",\"@id\":\"https:\/\/comprovet.com.mx\/2023\/quienes-somos\/\",\"url\":\"https:\/\/comprovet.com.mx\/2023\/quienes-somos\/\",\"name\":\"\u00bfQuienes Somos? - Comprovet\",\"isPartOf\":{\"@id\":\"https:\/\/comprovet.com.mx\/2023\/#website\"},\"primaryImageOfPage\":{\"@id\":\"https:\/\/comprovet.com.mx\/2023\/quienes-somos\/#primaryimage\"},\"image\":{\"@id\":\"https:\/\/comprovet.com.mx\/2023\/quienes-somos\/#primaryimage\"},\"thumbnailUrl\":\"https:\/\/comprovet.com.mx\/2023\/wp-content\/uploads\/2023\/06\/1-QUIEN-ES-COMPROVET_Page_07_Image_00261.jpg\",\"datePublished\":\"2023-06-12T17:12:16+00:00\",\"dateModified\":\"2023-06-13T16:22:59+00:00\",\"breadcrumb\":{\"@id\":\"https:\/\/comprovet.com.mx\/2023\/quienes-somos\/#breadcrumb\"},\"inLanguage\":\"es\",\"potentialAction\":[{\"@type\":\"ReadAction\",\"target\":[\"https:\/\/comprovet.com.mx\/2023\/quienes-somos\/\"]}]},{\"@type\":\"ImageObject\",\"inLanguage\":\"es\",\"@id\":\"https:\/\/comprovet.com.mx\/2023\/quienes-somos\/#primaryimage\",\"url\":\"https:\/\/comprovet.com.mx\/2023\/wp-content\/uploads\/2023\/06\/1-QUIEN-ES-COMPROVET_Page_07_Image_00261.jpg\",\"contentUrl\":\"https:\/\/comprovet.com.mx\/2023\/wp-content\/uploads\/2023\/06\/1-QUIEN-ES-COMPROVET_Page_07_Image_00261.jpg\",\"width\":539,\"height\":307},{\"@type\":\"BreadcrumbList\",\"@id\":\"https:\/\/comprovet.com.mx\/2023\/quienes-somos\/#breadcrumb\",\"itemListElement\":[{\"@type\":\"ListItem\",\"position\":1,\"name\":\"Portada\",\"item\":\"https:\/\/comprovet.com.mx\/2023\/\"},{\"@type\":\"ListItem\",\"position\":2,\"name\":\"\u00bfQuienes Somos?\"}]},{\"@type\":\"WebSite\",\"@id\":\"https:\/\/comprovet.com.mx\/2023\/#website\",\"url\":\"https:\/\/comprovet.com.mx\/2023\/\",\"name\":\"Comprovet\",\"description\":\"\",\"potentialAction\":[{\"@type\":\"SearchAction\",\"target\":{\"@type\":\"EntryPoint\",\"urlTemplate\":\"https:\/\/comprovet.com.mx\/2023\/?s={search_term_string}\"},\"query-input\":{\"@type\":\"PropertyValueSpecification\",\"valueRequired\":true,\"valueName\":\"search_term_string\"}}],\"inLanguage\":\"es\"}]}<\/script>\n<!-- \/ Yoast SEO plugin. -->","yoast_head_json":{"title":"\u00bfQuienes Somos? - Comprovet","robots":{"index":"index","follow":"follow","max-snippet":"max-snippet:-1","max-image-preview":"max-image-preview:large","max-video-preview":"max-video-preview:-1"},"canonical":"https:\/\/comprovet.com.mx\/2023\/quienes-somos\/","og_locale":"es_ES","og_type":"article","og_title":"\u00bfQuienes Somos? - Comprovet","og_description":"Misi\u00f3n Es satisfacer las necesidades de usted que se dedica a la crianza, protecci\u00f3n y manejo de aves de combate, conejo,codorniz, palomas, pollos, gallinas, mascotas y chinchillas.\u00a0Que a trav\u00e9s de nuestros accesorios y jaulas abatibles y de muy f\u00e1cil manejo, le garantizamos una excelente calidad y favorecidos con nuestros distribuidores a nivel nacional, estamos mas [&hellip;]","og_url":"https:\/\/comprovet.com.mx\/2023\/quienes-somos\/","og_site_name":"Comprovet","article_modified_time":"2023-06-13T16:22:59+00:00","og_image":[{"url":"https:\/\/comprovet.com.mx\/2023\/wp-content\/uploads\/2023\/06\/1-QUIEN-ES-COMPROVET_Page_07_Image_00261.jpg","type":"","width":"","height":""}],"twitter_card":"summary_large_image","twitter_misc":{"Tiempo de lectura":"2 minutos"},"schema":{"@context":"https:\/\/schema.org","@graph":[{"@type":"WebPage","@id":"https:\/\/comprovet.com.mx\/2023\/quienes-somos\/","url":"https:\/\/comprovet.com.mx\/2023\/quienes-somos\/","name":"\u00bfQuienes Somos? - Comprovet","isPartOf":{"@id":"https:\/\/comprovet.com.mx\/2023\/#website"},"primaryImageOfPage":{"@id":"https:\/\/comprovet.com.mx\/2023\/quienes-somos\/#primaryimage"},"image":{"@id":"https:\/\/comprovet.com.mx\/2023\/quienes-somos\/#primaryimage"},"thumbnailUrl":"https:\/\/comprovet.com.mx\/2023\/wp-content\/uploads\/2023\/06\/1-QUIEN-ES-COMPROVET_Page_07_Image_00261.jpg","datePublished":"2023-06-12T17:12:16+00:00","dateModified":"2023-06-13T16:22:59+00:00","breadcrumb":{"@id":"https:\/\/comprovet.com.mx\/2023\/quienes-somos\/#breadcrumb"},"inLanguage":"es","potentialAction":[{"@type":"ReadAction","target":["https:\/\/comprovet.com.mx\/2023\/quienes-somos\/"]}]},{"@type":"ImageObject","inLanguage":"es","@id":"https:\/\/comprovet.com.mx\/2023\/quienes-somos\/#primaryimage","url":"https:\/\/comprovet.com.mx\/2023\/wp-content\/uploads\/2023\/06\/1-QUIEN-ES-COMPROVET_Page_07_Image_00261.jpg","contentUrl":"https:\/\/comprovet.com.mx\/2023\/wp-content\/uploads\/2023\/06\/1-QUIEN-ES-COMPROVET_Page_07_Image_00261.jpg","width":539,"height":307},{"@type":"BreadcrumbList","@id":"https:\/\/comprovet.com.mx\/2023\/quienes-somos\/#breadcrumb","itemListElement":[{"@type":"ListItem","position":1,"name":"Portada","item":"https:\/\/comprovet.com.mx\/2023\/"},{"@type":"ListItem","position":2,"name":"\u00bfQuienes Somos?"}]},{"@type":"WebSite","@id":"https:\/\/comprovet.com.mx\/2023\/#website","url":"https:\/\/comprovet.com.mx\/2023\/","name":"Comprovet","description":"","potentialAction":[{"@type":"SearchAction","target":{"@type":"EntryPoint","urlTemplate":"https:\/\/comprovet.com.mx\/2023\/?s={search_term_string}"},"query-input":{"@type":"PropertyValueSpecification","valueRequired":true,"valueName":"search_term_string"}}],"inLanguage":"es"}]}},"_links":{"self":[{"href":"https:\/\/comprovet.com.mx\/2023\/wp-json\/wp\/v2\/pages\/24","targetHints":{"allow":["GET"]}}],"collection":[{"href":"https:\/\/comprovet.com.mx\/2023\/wp-json\/wp\/v2\/pages"}],"about":[{"href":"https:\/\/comprovet.com.mx\/2023\/wp-json\/wp\/v2\/types\/page"}],"author":[{"embeddable":true,"href":"https:\/\/comprovet.com.mx\/2023\/wp-json\/wp\/v2\/users\/1"}],"replies":[{"embeddable":true,"href":"https:\/\/comprovet.com.mx\/2023\/wp-json\/wp\/v2\/comments?post=24"}],"version-history":[{"count":8,"href":"https:\/\/comprovet.com.mx\/2023\/wp-json\/wp\/v2\/pages\/24\/revisions"}],"predecessor-version":[{"id":146,"href":"https:\/\/comprovet.com.mx\/2023\/wp-json\/wp\/v2\/pages\/24\/revisions\/146"}],"wp:attachment":[{"href":"https:\/\/comprovet.com.mx\/2023\/wp-json\/wp\/v2\/media?parent=24"}],"curies":[{"name":"wp","href":"https:\/\/api.w.org\/{rel}","templated":true}]}}